r when 129 is divided by 47?
35
What is the remainder when 1084 is divided by 78?
70
Calculate the remainder when 2354 is divided by 293.
10
Calculate the remainder when 39849 is divided by 12.
9
Calculate the remainder when 259 is divided by 26.
25
What is the remainder when 2498 is divided by 621?
14
What is the remainder when 349 is divided by 37?
16
Calculate the remainder when 240 is divided by 128.
112
Calculate the remainder when 370 is divided by 2.
0
Calculate the remainder when 158 is divided by 44.
26
Calculate the remainder when 2757 is divided by 92.
89
What is the remainder when 531 is divided by 35?
6
What is the remainder when 86 is divided by 4?
2
What is the remainder when 559 is divided by 96?
79
What is the remainder when 100 is divided by 6?
4
What is the remainder when 205 is divided by 26?
23
What is the remainder when 251 is divided by 6?
5
What is the remainder when 359 is divided by 9?
8
Calculate the remainder when 5763 is divided by 206.
201
Calculate the remainder when 375 is divided by 63.
60
Calculate the remainder when 7214 is divided by 185.
184
Calculate the remainder when 96 is divided by 50.
46
Calculate the remainder when 289 is divided by 21.
16
What is the remainder when 203 is divided by 67?
2
Calculate the remainder when 182 is divided by 146.
36
Calculate the remainder when 91 is divided by 15.
1
What is the remainder when 4049 is divided by 6?
5
What is the remainder when 1761 is divided by 585?
6
Calculate the remainder when 106 is divided by 74.
32
What is the remainder when 289 is divided by 45?
19
What is the remainder when 644 is divided by 60?
44
Calculate the remainder when 103 is divided by 27.
22
Calculate the remainder when 190 is divided by 165.
25
Calculate the remainder when 361 is divided by 73.
69
What is the remainder when 169 is divided by 43?
40
Calculate the remainder when 7560 is divided by 62.
58
Calculate the remainder when 11119 is divided by 67.
64
Calculate the remainder when 191 is divided by 79.
33
Calculate the remainder when 1117 is divided by 160.
157
What is the remainder when 641 is divided by 316?
9
Calculate the remainder when 5376 is divided by 33.
30
What is the remainder when 290 is divided by 54?
20
Calculate the remainder when 2017 is divided by 997.
23
What is the remainder when 194 is divided by 7?
5
What is the remainder when 274 is divided by 11?
10
What is the remainder when 30318 is divided by 40?
38
What is the remainder when 96 is divided by 32?
0
What is the remainder when 2322 is divided by 13?
8
Calculate the remainder when 530 is divided by 59.
58
Calculate the remainder when 1071 is divided by 15.
6
What is the remainder when 1668 is divided by 15?
3
Calculate the remainder when 103 is divided by 17.
1
What is the remainder when 192 is divided by 48?
0
Calculate the remainder when 212 is divided by 15.
2
What is the remainder when 256 is divided by 124?
8
Calculate the remainder when 1234 is divided by 22.
2
What is the remainder when 93 is divided by 42?
9
Calculate the remainder when 24819 is divided by 68.
67
Calculate the remainder when 75 is divided by 7.
5
Calculate the remainder when 299 is divided by 110.
79
Calculate the remainder when 196 is divided by 50.
46
What is the remainder when 119 is divided by 31?
26
What is the remainder when 731 is divided by 103?
10
Calculate the remainder when 516 is divided by 71.
19
Calculate the remainder when 3723 is divided by 69.
66
What is the remainder when 32 is divided by 4?
0
What is the remainder when 235 is divided by 68?
31
Calculate the remainder when 329 is divided by 97.
38
What is the remainder when 126 is divided by 123?
3
What is the remainder when 49 is divided by 18?
13
What is the remainder when 406 is divided by 65?
16
What is the remainder when 17782 is divided by 24?
22
What is the remainder when 998 is divided by 282?
152
Calculate the remainder when 145 is divided by 3.
1
What is the remainder when 553 is divided by 72?
49
What is the remainder when 634 is divided by 93?
76
Calculate the remainder when 395 is divided by 21.
17
What is the remainder when 3906 is divided by 15?
6
Calculate the remainder when 389 is divided by 378.
11
What is the remainder when 736 is divided by 160?
96
What is the remainder when 4327 is divided by 1079?
11
What is the remainder when 11343 is divided by 186?
183
Calculate the remainder when 991 is divided by 164.
7
What is the remainder when 3434 is divided by 15?
14
Calculate the remainder when 1896 is divided by 32.
8
Calculate the remainder when 433 is divided by 20.
13
Calculate the remainder when 19 is divided by 6.
1
Calculate the remainder when 1529 is divided by 45.
44
Calculate the remainder when 161 is divided by 33.
29
Calculate the remainder when 140 is divided by 55.
30
What is the remainder when 715 is divided by 377?
338
Calculate the remainder when 1447 is divided by 67.
40
What is the remainder when 262 is divided by 115?
32
What is the remainder when 2447 is divided by 57?
53
What is the remainder when 686 is divided by 46?
42
Calculate the remainder when 177 is divided by 62.
53
Calculate the remainder when 135 is divided by 135.
0
What is the remainder when 40 is divided by 23?
17
What is the remainder when 286 is divided by 41?
40
What is the remainder when 42 is divided by 9?
6
Calculate the remainder when 345 is divided by 70.
65
Calculate the remainder when 463 is divided by 446.
17
Calculate the remainder when 1422 is divided by 178.
176
Calculate the remainder when 388 is divided by 63.
10
Calculate the remainder when 4746 is divided by 101.
100
What is the remainder when 376 is divided by 17?
2
What is the remainder when 1642 is divided by 53?
52
Calculate the remainder when 1581 is divided by 69.
63
What is the remainder when 467 is divided by 95?
87
What is the remainder when 79 is divided by 44?
35
Calculate the remainder when 318 is divided by 80.
78
Calculate the remainder when 1757 is divided by 20.
17
What is the remainder when 6775 is divided by 14?
13
Calculate the remainder when 284 is divided by 245.
39
What is the remainder when 4308 is divided by 49?
45
Calculate the remainder when 624 is divided by 19.
16
What is the remainder when 287 is divided by 18?
17
What is the remainder when 2636 is divided by 24?
20
What is the remainder when 117 is divided by 41?
35
Calculate the remainder when 291 is divided by 78.
57
Calculate the remainder when 51 is divided by 9.
6
What is the remainder when 51 is divided by 31?
20
What is the remainder when 14446 is divided by 43?
41
Calculate the remainder when 1663 is divided by 128.
127
What is the remainder when 1643 is divided by 39?
5
What is the remainder when 78 is divided by 24?
6
Calculate the remainder when 45 is divided by 10.
5
What is the remainder when 1129 is divided by 86?
11
Calculate the remainder when 77 is divided by 41.
36
What is the remainder when 369 is divided by 131?
107
What is the remainder when 794 is divided by 53?
52
Calculate the remainder when 2066 is divided by 44.
42
What is the remainder when 1573 is divided by 63?
61
What is the remainder when 2284 is divided by 28?
16
What is the remainder when 523 is divided by 133?
124
Calculate the remainder when 3536 is divided by 122.
120
Calculate the remainder when 13680 is divided by 11.
7
What is the remainder when 1321 is divided by 401?
118
Calculate the remainder when 111 is divided by 109.
2
What is the remainder when 83 is divided by 28?
27
What is the remainder when 833 is divided by 31?
27
Calculate the remainder when 1160 is divided by 16.
8
What is the remainder when 98 is divided by 32?
2
What is the remainder when 1043 is divided by 510?
23
What is the remainder when 1668 is divided by 34?
2
What is the remainder when 177 is divided by 31?
22
Calculate the remainder when 655 is divided by 33.
28
What is the remainder when 364 is divided by 108?
40
What is the remainder when 1250 is divided by 57?
53
Calculate the remainder when 1828 is divided by 533.
229
Calculate the remainder when 5401 is divided by 23.
19
What is the remainder when 239 is divided by 16?
15
What is the remainder when 1817 is divided by 65?
62
Calculate the remainder when 619 is divided by 130.
99
Calculate the rema